{"id":341,"date":"2021-10-12T16:13:13","date_gmt":"2021-10-12T14:13:13","guid":{"rendered":"https:\/\/fanny-lenuzza.fr\/instic\/?page_id=341"},"modified":"2021-10-12T16:13:13","modified_gmt":"2021-10-12T14:13:13","slug":"charge-detudes-en-conception-de-systemes-mecaniques-certif-niveau-6","status":"publish","type":"page","link":"https:\/\/fanny-lenuzza.fr\/instic\/index.php\/charge-detudes-en-conception-de-systemes-mecaniques-certif-niveau-6\/","title":{"rendered":"Charg\u00e9 d\u2019\u00e9tudes en conception de syst\u00e8mes m\u00e9caniques (certif. niveau 6)"},"content":{"rendered":"","protected":false},"excerpt":{"rendered":"","protected":false},"author":1,"featured_media":0,"parent":0,"menu_order":0,"comment_status":"closed","ping_status":"closed","template":"","meta":[],"_links":{"self":[{"href":"https:\/\/fanny-lenuzza.fr\/instic\/index.php\/wp-json\/wp\/v2\/pages\/341"}],"collection":[{"href":"https:\/\/fanny-lenuzza.fr\/instic\/index.php\/wp-json\/wp\/v2\/pages"}],"about":[{"href":"https:\/\/fanny-lenuzza.fr\/instic\/index.php\/wp-json\/wp\/v2\/types\/page"}],"author":[{"embeddable":true,"href":"https:\/\/fanny-lenuzza.fr\/instic\/index.php\/wp-json\/wp\/v2\/users\/1"}],"replies":[{"embeddable":true,"href":"https:\/\/fanny-lenuzza.fr\/instic\/index.php\/wp-json\/wp\/v2\/comments?post=341"}],"version-history":[{"count":1,"href":"https:\/\/fanny-lenuzza.fr\/instic\/index.php\/wp-json\/wp\/v2\/pages\/341\/revisions"}],"predecessor-version":[{"id":342,"href":"https:\/\/fanny-lenuzza.fr\/instic\/index.php\/wp-json\/wp\/v2\/pages\/341\/revisions\/342"}],"wp:attachment":[{"href":"https:\/\/fanny-lenuzza.fr\/instic\/index.php\/wp-json\/wp\/v2\/media?parent=341"}],"curies":[{"name":"wp","href":"https:\/\/api.w.org\/{rel}","templated":true}]}}